se f = 2*p - 44, -f + 13 + 23 = d*p. What is the greatest common factor of p and g?
20
Suppose 0 = -0*w - 5*w + 4*i + 23, 4*i = -2*w - 2. Suppose 7*t = w*t + 36. Suppose -1 = h - t. Calculate the greatest common factor of 32 and h.
8
Let j = 2 - -5. Suppose 0 = 3*z - 5 - j. Let v = 54 + -10. What is the highest common factor of v and z?
4
Suppose 4*s - 8 = 2*s. Suppose -s*j - 10 = -5*j. Suppose -2*p - 3*p = 4*w - 135, -4*p - 20 = 0. Calculate the greatest common factor of w and j.
10
Let i be 360/27*(-5 - -23). Suppose -21 = -4*o + 2*z + 97, -4*z = -4. What is the greatest common divisor of o and i?
30
Suppose -32*l + 7574 = -14314. Calculate the greatest common divisor of l and 18.
18
Let w be -2 - (152/(-14) + 16/(-112)). What is the highest common divisor of w and 441?
9
Let d(y) = y**2 - 6*y + 5. Let m be d(3). Let z(t) = -2*t**3 + 5*t**2 - t + 8. Let p be z(m). Let k = -76 + p. What is the highest common divisor of k and 16?
16
Let z = -276 + 413. Suppose 0 = -2*b - 2*x + 512, 4*b - 1166 = -3*x - z. What is the highest common factor of b and 29?
29
Suppose -12 = -c - 8. Suppose 0*m = -m - c. Let o be (-18)/m*50/15. What is the greatest common factor of o and 165?
15
Let q be (-12 - 2) + 4 + 1777. Calculate the greatest common factor of q and 57.
57
Let b be (3 - -13)/4 - -1. Suppose 32 + 40 = b*a + 4*w, -a + w = -18. What is the highest common divisor of 24 and a?
8
Let c be -2 + 255/((-10)/(-2)). Let n be (-14)/c + 550/14. Calculate the greatest common factor of n and 26.
13
Suppose 0*p - 4*p - 132 = 0. Let n = p + 57. What is the greatest common divisor of 36 and n?
12
Let x be 35/3 - (-2)/6. Let c(y) = y**2 - 3*y - 36. Let m be c(-5). What is the highest common factor of x and m?
4
Let j = 198 + -154. Calculate the greatest common factor of 198 and j.
22
Let z(i) = 4*i**2 + 4. Let j be z(-3). Let h be 4*(-5)/10*-5. Calculate the highest common factor of h and j.
10
Let k be 9/3 - 2*-3. Let u = -2 - -5. Suppose u*n - 89 - 46 = 0. Calculate the greatest common factor of n and k.
9
Let x = 36 + -35. Let a be 1010/110 - (-4)/(-22). What is the greatest common factor of a and x?
1
Let p be ((-2)/2)/1 - -53. Let a = p - 37. What is the greatest common divisor of 10 and a?
5
Suppose -2*w - 4 = 0, -2*o - 2*w + 14 = o. Let m = -104 + 133. Let x = o + m. What is the greatest common divisor of 7 and x?
7
Let g(h) = -h**3 + 32*h**2 - 213*h - 11. Let y be g(22). Calculate the highest common divisor of y and 52.
13
Let d = 1550 - 1410. Calculate the greatest common divisor of 220 and d.
20
Suppose 3*c + 10 = -4*a + c, -15 = -2*a + 3*c. Suppose -j + 35 + 2 = a. Calculate the greatest common factor of 407 and j.
37
Let c(l) = 4*l**2 + 10*l + 18. Let g(t) = 7*t**2 + 19*t + 35. Let b(r) = -5*c(r) + 3*g(r). Let k be b(-11). What is the greatest common factor of k and 295?
59
Suppose -21*r + 25*r = 148. Suppose 3*x = 2*p + r, -x - 2*p + 3 = -12. Let v be (-4)/10 - (-268)/20. Calculate the highest common factor of x and v.
13
Let h(w) = -22*w - 102. Let t be h(-11). What is the highest common divisor of 260 and t?
20
Let o = 78 - 23. Suppose 21*g - 295 = -38*g. What is the highest common divisor of g and o?
5
Let c = 1042 - 786. Calculate the greatest common divisor of 112 and c.
16
Suppose 2*w = 3*q + 219, 83*w - q = 79*w + 443. What is the highest common divisor of w and 259?
37
Let h(b) = 2*b**2 - 5*b. Let d be h(6). Let v = 1 + 5. Let a be -7*6/(v/(-2)). What is the greatest common factor of d and a?
14
Let q(f) = 15*f - 1. Let i be q(3). Let d be (-2)/1*(-261)/18. Let w = d - 25. What is the greatest common factor of w and i?
4
Suppose -r + 390 = 3*n - 2*r, -3*r = 0. What is the greatest common factor of 26 and n?
26
Suppose 5*g - 87 = -5*x + 33, -3*g + 93 = 4*x. What is the highest common divisor of 12 and x?
3
Suppose 0 = -3*t - 4*p + 92, 10*t + 5*p = 5*t + 150. Suppose 8*g = 6*g + 140. What is the highest common factor of t and g?
14
Let s be 3*(-4 + 94)/6. Suppose 141 = -3*w + 6*w. Suppose 3*m + w = 137. What is the highest common factor of m and s?
15
Suppose -c + 5*k + 34 = 0, -2*k = 5*c - 148 - 130. Calculate the greatest common factor of c and 288.
18
Let z be (-3 - 0)*(-95)/15. Suppose 4 = -v + 2*m, -5*v = 2*m + m - z. Suppose v = 4*q - 138. Calculate the greatest common divisor of q and 14.
7
Let a = 21 - 9. Let y be -36*(10/6 + a/(-4)). Let x be 1/3 + (-35)/(-3). Calculate the greatest common divisor of x and y.
12
Let r be (-2562)/(-161) - (1 - 75/69). Calculate the greatest common factor of r and 2.
2
Suppose -865 = -5*v - 270. Calculate the highest common factor of 7 and v.
7
Let c = -21 + 13. Let a = c + 62. Suppose 4*l = -16, -3*g + 3*l + 15 = 6*l. What is the highest common divisor of a and g?
9
Suppose t = 4*r + 16 + 11, -2*r + 39 = 3*t. Let n = t - 22. Let f be (-14)/n + (-44)/(-2). Calculate the greatest common divisor of 48 and f.
24
Let o be 10/((-2)/6*(-6)/10). Suppose -4*d + 3*j + 35 = -0*j, -j + 20 = 5*d. Let m = 15 - d. Calculate the greatest common factor of o and m.
10
Suppose -8*x = 23*m - 20*m - 5104, 5*x + 1709 = m. Calculate the greatest common divisor of m and 24.
24
Let w(d) = -36*d - 9. Suppose 8*t - 2*t + 18 = 0. Let z be w(t). Calculate the highest common factor of 9 and z.
9
Let x be (1 + (-18)/(-8))*4. Suppose x*z - 14*z + 50 = 0. What is the greatest common divisor of z and 125?
25
Let g = -13 - -13. Suppose g*d + 847 = 7*d. What is the greatest common factor of 11 and d?
11
Suppose -1096 = -23*f + 31*f. Let u = 160 - f. What is the highest common factor of u and 33?
33
Suppose 0 = 3*w + 11*w - 336. Calculate the greatest common factor of 192 and w.
24
Suppose 0 = -7*g + 276 + 354. Calculate the greatest common factor of 9 and g.
9
Let l = -470 + 753. Suppose l + 37 = 5*d. What is the highest common divisor of d and 96?
32
Let u = -31 - -59. Let p be (-1546)/(-10) - 2/(-5). Let r = p + 13. Calculate the highest common factor of r and u.
28
Suppose -4*i = -1325 - 2019. Suppose 5*l = l + i. What is the highest common factor of l and 19?
19
Let k(g) = -5*g**3 - g**2 - 4*g - 4. Let u be k(-1). Let c be (-29)/(-6) + u + (-2)/(-12). Calculate the greatest common divisor of c and 15.
3
Let v(w) = -9*w - 64 + 63 + w**2 + 0*w**2. Let g be v(9). Let p be g/(1 - (-52)/(-48)). Calculate the highest common factor of p and 48.
12
Suppose -4*o + o = -9. Suppose 0 = o*d + 5 - 23. Suppose -2*y - 5*n - 14 = -3*y, -3*n = y - d. Calculate the highest common factor of 27 and y.
9
Let t(k) = -k**3 + 13*k**2 - 14*k - 7. Let a be t(8). Calculate the highest common divisor of a and 15.
3
Suppose 87*h = 3*h + 7560. What is the highest common factor of 150 and h?
30
Suppose q - 3 = 1. Suppose -q*r + 28 = -252. Calculate the greatest common factor of 14 and r.
14
Suppose -z = 4*u - 169 - 402, 0 = -4*z - 4. Calculate the greatest common divisor of u and 13.
13
Suppose -145*f = -166*f + 2520. What is the greatest common divisor of 780 and f?
60
Suppose -5 = 2*t - 4*k - 19, -4 = 4*k. Suppose 6 = r - t. What is the highest common factor of 44 and r?
11
Let v(g) = -3*g**3 + 40*g**2 + g - 20. Let o be v(13). What is the highest common divisor of 144 and o?
18
Let q be (-522)/(-3)*(-6)/(-4). Let k(r) = -14*r + r**2 - 7*r**2 - 8*r**2 + 16 - r**3. Let y be k(-13). Calculate the greatest common factor of q and y.
29
Let b(c) = -c**2 - 7 + 7*c + 0 + 1. Let t be (-4)/26 + (-378)/(-91). Let n be b(t). Calculate the greatest common divisor of n and 12.
6
Let i be (-1)/9*-24*21. What is the highest common factor of i and 49?
7
Let r be (-8)/(-28) + 201/7. Suppose r = -a + 301. What is the greatest common divisor of 34 and a?
34
Let y = -16 - -118. What is the greatest common divisor of 153 and y?
51
Suppose -815 + 895 = 5*k. Let z be 417/(-5) + (-4)/(-10). Let f = z + 227. Calculate the greatest common factor of k and f.
16
Suppose -3*r - 66 = -4*y + 25, 3*y = -4*r + 37. Suppose -y*j = -26*j + 322. What is the greatest common divisor of 2 and j?
2
Suppose 30*a - 2 = 29*a. Let s be (-16)/((6/a)/((-27)/6)). What is the greatest common divisor of 96 and s?
24
Let g = -3810 + 3817. Let n(m) = -10*m**3 - m**2 + m. Let k be n(1). Let c be 346/10 + (-4)/k. Calculate the greatest common factor of g and c.
7
Suppose -120 = -18*z + 23*z. Let w be (10 + 2)*(-1